{"id":1323,"date":"2022-04-20T10:38:24","date_gmt":"2022-04-20T10:38:24","guid":{"rendered":"https:\/\/dev.fundacioitinerarium.org\/qui-som\/"},"modified":"2022-10-21T09:31:16","modified_gmt":"2022-10-21T09:31:16","slug":"qui-som","status":"publish","type":"page","link":"https:\/\/www.fundacioitinerarium.org\/ca\/qui-som\/","title":{"rendered":"Nosaltres"},"content":{"rendered":"\t\t<div data-elementor-type=\"wp-page\" data-elementor-id=\"1323\" class=\"elementor elementor-1323\">\n\t\t\t\t\t\t\t\t\t<section class=\"elementor-section elementor-top-section elementor-element elementor-element-e6482f7 elementor-section-boxed elementor-section-height-default elementor-section-height-default\" data-id=\"e6482f7\" data-element_type=\"section\">\n\t\t\t\t\t\t<div class=\"elementor-container elementor-column-gap-default\">\n\t\t\t\t\t<div class=\"elementor-column elementor-col-100 elementor-top-column elementor-element elementor-element-e4a95c1\" data-id=\"e4a95c1\" data-element_type=\"column\">\n\t\t\t<div class=\"elementor-widget-wrap elementor-element-populated\">\n\t\t\t\t\t\t\t\t<div class=\"elementor-element elementor-element-42428bd elementor-widget elementor-widget-heading\" data-id=\"42428bd\" data-element_type=\"widget\" data-widget_type=\"heading.default\">\n\t\t\t\t<div class=\"elementor-widget-container\">\n\t\t\t<style>\/*! elementor - v3.8.1 - 13-11-2022 *\/\n.elementor-heading-title{padding:0;margin:0;line-height:1}.elementor-widget-heading .elementor-heading-title[class*=elementor-size-]>a{color:inherit;font-size:inherit;line-height:inherit}.elementor-widget-heading .elementor-heading-title.elementor-size-small{font-size:15px}.elementor-widget-heading .elementor-heading-title.elementor-size-medium{font-size:19px}.elementor-widget-heading .elementor-heading-title.elementor-size-large{font-size:29px}.elementor-widget-heading .elementor-heading-title.elementor-size-xl{font-size:39px}.elementor-widget-heading .elementor-heading-title.elementor-size-xxl{font-size:59px}<\/style><h2 class=\"elementor-heading-title elementor-size-default\">Nosaltres<\/h2>\t\t<\/div>\n\t\t\t\t<\/div>\n\t\t\t\t\t<\/div>\n\t\t<\/div>\n\t\t\t\t\t\t\t<\/div>\n\t\t<\/section>\n\t\t\t\t<section class=\"elementor-section elementor-top-section elementor-element elementor-element-7242024 elementor-section-boxed elementor-section-height-default elementor-section-height-default\" data-id=\"7242024\" data-element_type=\"section\">\n\t\t\t\t\t\t<div class=\"elementor-container elementor-column-gap-default\">\n\t\t\t\t\t<div class=\"elementor-column elementor-col-100 elementor-top-column elementor-element elementor-element-2a0c5d5\" data-id=\"2a0c5d5\" data-element_type=\"column\">\n\t\t\t<div class=\"elementor-widget-wrap elementor-element-populated\">\n\t\t\t\t\t\t\t\t<div class=\"elementor-element elementor-element-4132277 elementor-widget elementor-widget-text-editor\" data-id=\"4132277\" data-element_type=\"widget\" data-widget_type=\"text-editor.default\">\n\t\t\t\t<div class=\"elementor-widget-container\">\n\t\t\t<style>\/*! elementor - v3.8.1 - 13-11-2022 *\/\n.elementor-widget-text-editor.elementor-drop-cap-view-stacked .elementor-drop-cap{background-color:#818a91;color:#fff}.elementor-widget-text-editor.elementor-drop-cap-view-framed .elementor-drop-cap{color:#818a91;border:3px solid;background-color:transparent}.elementor-widget-text-editor:not(.elementor-drop-cap-view-default) .elementor-drop-cap{margin-top:8px}.elementor-widget-text-editor:not(.elementor-drop-cap-view-default) .elementor-drop-cap-letter{width:1em;height:1em}.elementor-widget-text-editor .elementor-drop-cap{float:left;text-align:center;line-height:1;font-size:50px}.elementor-widget-text-editor .elementor-drop-cap-letter{display:inline-block}<\/style>\t\t\t\t<p>L&#8217;origen de Fundaci\u00f3 Itinerarium es troba l&#8217;any 2007, quan ens reunim un grup de professionals s\u00e8nior amb una llarga traject\u00f2ria en l&#8217;\u00e0mbit de la intervenci\u00f3 socioeducativa tant a Espanya com a Am\u00e8rica Llatina. El grup estava liderat per Narc\u00eds Vives, fundador de la xarxa iEARN-Pangea i director del projecte Atles de la Diversitat, gr\u00e0cies al qual va ser seleccionat com fellow de l&#8217;organitzaci\u00f3 Ashoka.<br \/><br \/>L&#8217;any 2010 decidim constituir-nos en fundaci\u00f3 amb la missi\u00f3 de\u2026<\/p>\t\t\t\t\t\t<\/div>\n\t\t\t\t<\/div>\n\t\t\t\t\t<\/div>\n\t\t<\/div>\n\t\t\t\t\t\t\t<\/div>\n\t\t<\/section>\n\t\t\t\t<section class=\"elementor-section elementor-top-section elementor-element elementor-element-e04a225 elementor-section-boxed elementor-section-height-default elementor-section-height-default\" data-id=\"e04a225\" data-element_type=\"section\">\n\t\t\t\t\t\t<div class=\"elementor-container elementor-column-gap-default\">\n\t\t\t\t\t<div class=\"elementor-column elementor-col-100 elementor-top-column elementor-element elementor-element-711f02b\" data-id=\"711f02b\" data-element_type=\"column\">\n\t\t\t<div class=\"elementor-widget-wrap elementor-element-populated\">\n\t\t\t\t\t\t\t\t<div class=\"elementor-element elementor-element-e802ec8 elementor-widget elementor-widget-text-editor\" data-id=\"e802ec8\" data-element_type=\"widget\" data-widget_type=\"text-editor.default\">\n\t\t\t\t<div class=\"elementor-widget-container\">\n\t\t\t\t\t\t\t<h5>Desenvolupar <a href=\"https:\/\/www.fundacioitinerarium.org\/ca\/que-fem\/\">projectes<\/a> que millorin els processos educatius i socials.<\/h5>\t\t\t\t\t\t<\/div>\n\t\t\t\t<\/div>\n\t\t\t\t\t<\/div>\n\t\t<\/div>\n\t\t\t\t\t\t\t<\/div>\n\t\t<\/section>\n\t\t\t\t<section class=\"elementor-section elementor-top-section elementor-element elementor-element-26199b86 elementor-section-boxed elementor-section-height-default elementor-section-height-default\" data-id=\"26199b86\" data-element_type=\"section\">\n\t\t\t\t\t\t<div class=\"elementor-container elementor-column-gap-default\">\n\t\t\t\t\t<div class=\"elementor-column elementor-col-50 elementor-top-column elementor-element elementor-element-743668e6\" data-id=\"743668e6\" data-element_type=\"column\">\n\t\t\t<div class=\"elementor-widget-wrap\">\n\t\t\t\t\t\t\t\t\t<\/div>\n\t\t<\/div>\n\t\t\t\t<div class=\"elementor-column elementor-col-50 elementor-top-column elementor-element elementor-element-19b4fe4\" data-id=\"19b4fe4\" data-element_type=\"column\">\n\t\t\t<div class=\"elementor-widget-wrap elementor-element-populated\">\n\t\t\t\t\t\t\t\t<div class=\"elementor-element elementor-element-52e76fe5 elementor-align-right elementor-mobile-align-center elementor-widget elementor-widget-button\" data-id=\"52e76fe5\" data-element_type=\"widget\" data-widget_type=\"button.default\">\n\t\t\t\t<div class=\"elementor-widget-container\">\n\t\t\t\t\t<div class=\"elementor-button-wrapper\">\n\t\t\t<a href=\"https:\/\/dev.fundacioitinerarium.org\/ca\/patronat\/\" target=\"_blank\" class=\"elementor-button-link elementor-button elementor-size-lg\" role=\"button\">\n\t\t\t\t\t\t<span class=\"elementor-button-content-wrapper\">\n\t\t\t\t\t\t<span class=\"elementor-button-text\">Patronat<\/span>\n\t\t<\/span>\n\t\t\t\t\t<\/a>\n\t\t<\/div>\n\t\t\t\t<\/div>\n\t\t\t\t<\/div>\n\t\t\t\t<div class=\"elementor-element elementor-element-4d9c96d1 elementor-align-left elementor-mobile-align-center elementor-widget elementor-widget-button\" data-id=\"4d9c96d1\" data-element_type=\"widget\" data-widget_type=\"button.default\">\n\t\t\t\t<div class=\"elementor-widget-container\">\n\t\t\t\t\t<div class=\"elementor-button-wrapper\">\n\t\t\t<a href=\"https:\/\/dev.fundacioitinerarium.org\/ca\/historia\/\" target=\"_blank\" class=\"elementor-button-link elementor-button elementor-size-lg\" role=\"button\">\n\t\t\t\t\t\t<span class=\"elementor-button-content-wrapper\">\n\t\t\t\t\t\t<span class=\"elementor-button-text\">Hist\u00f2ria               <\/span>\n\t\t<\/span>\n\t\t\t\t\t<\/a>\n\t\t<\/div>\n\t\t\t\t<\/div>\n\t\t\t\t<\/div>\n\t\t\t\t\t<\/div>\n\t\t<\/div>\n\t\t\t\t\t\t\t<\/div>\n\t\t<\/section>\n\t\t\t\t\t\t\t<\/div>\n\t\t","protected":false},"excerpt":{"rendered":"<p>Nosaltres L&#8217;origen de Fundaci\u00f3 Itinerarium es troba l&#8217;any 2007, quan ens reunim un grup de professionals s\u00e8nior amb una llarga traject\u00f2ria en l&#8217;\u00e0mbit de la intervenci\u00f3 socioeducativa tant a Espanya com a Am\u00e8rica Llatina. El grup estava liderat per Narc\u00eds Vives, fundador de la xarxa iEARN-Pangea i director del projecte Atles de la Diversitat, gr\u00e0cies &hellip;<\/p>\n<p class=\"read-more\"> <a class=\"\" href=\"https:\/\/www.fundacioitinerarium.org\/ca\/qui-som\/\"> <span class=\"screen-reader-text\">Nosaltres<\/span> Read More \u00bb<\/a><\/p>\n","protected":false},"author":1,"featured_media":0,"parent":0,"menu_order":0,"comment_status":"closed","ping_status":"closed","template":"","meta":{"site-sidebar-layout":"no-sidebar","site-content-layout":"page-builder","ast-global-header-display":"","ast-main-header-display":"","ast-hfb-above-header-display":"","ast-hfb-below-header-display":"","ast-hfb-mobile-header-display":"","site-post-title":"disabled","ast-breadcrumbs-content":"","ast-featured-img":"disabled","footer-sml-layout":"","theme-transparent-header-meta":"","adv-header-id-meta":"","stick-header-meta":"","header-above-stick-meta":"","header-main-stick-meta":"","header-below-stick-meta":""},"_links":{"self":[{"href":"https:\/\/www.fundacioitinerarium.org\/ca\/wp-json\/wp\/v2\/pages\/1323"}],"collection":[{"href":"https:\/\/www.fundacioitinerarium.org\/ca\/wp-json\/wp\/v2\/pages"}],"about":[{"href":"https:\/\/www.fundacioitinerarium.org\/ca\/wp-json\/wp\/v2\/types\/page"}],"author":[{"embeddable":true,"href":"https:\/\/www.fundacioitinerarium.org\/ca\/wp-json\/wp\/v2\/users\/1"}],"replies":[{"embeddable":true,"href":"https:\/\/www.fundacioitinerarium.org\/ca\/wp-json\/wp\/v2\/comments?post=1323"}],"version-history":[{"count":19,"href":"https:\/\/www.fundacioitinerarium.org\/ca\/wp-json\/wp\/v2\/pages\/1323\/revisions"}],"predecessor-version":[{"id":1695,"href":"https:\/\/www.fundacioitinerarium.org\/ca\/wp-json\/wp\/v2\/pages\/1323\/revisions\/1695"}],"wp:attachment":[{"href":"https:\/\/www.fundacioitinerarium.org\/ca\/wp-json\/wp\/v2\/media?parent=1323"}],"curies":[{"name":"wp","href":"https:\/\/api.w.org\/{rel}","templated":true}]}}

<div data-elementor-type="wp-page" data-elementor-id="1323" class="elementor elementor-1323">
									<section class="elementor-section elementor-top-section elementor-element elementor-element-e6482f7 elementor-section-boxed elementor-section-height-default elementor-section-height-default" data-id="e6482f7" data-element_type="section">
						<div class="elementor-container elementor-column-gap-default">
					<div class="elementor-column elementor-col-100 elementor-top-column elementor-element elementor-element-e4a95c1" data-id="e4a95c1" data-element_type="column">
			<div class="elementor-widget-wrap elementor-element-populated">
								<div class="elementor-element elementor-element-42428bd elementor-widget elementor-widget-heading" data-id="42428bd" data-element_type="widget" data-widget_type="heading.default">
				<div class="elementor-widget-container">
			<style>/*! elementor - v3.8.1 - 13-11-2022 */
.elementor-heading-title{padding:0;margin:0;line-height:1}.elementor-widget-heading .elementor-heading-title[class*=elementor-size-]>a{color:inherit;font-size:inherit;line-height:inherit}.elementor-widget-heading .elementor-heading-title.elementor-size-small{font-size:15px}.elementor-widget-heading .elementor-heading-title.elementor-size-medium{font-size:19px}.elementor-widget-heading .elementor-heading-title.elementor-size-large{font-size:29px}.elementor-widget-heading .elementor-heading-title.elementor-size-xl{font-size:39px}.elementor-widget-heading .elementor-heading-title.elementor-size-xxl{font-size:59px}</style><h2 class="elementor-heading-title elementor-size-default">Nosaltres</h2>		</div>
				</div>
					</div>
		</div>
							</div>
		</section>
				<section class="elementor-section elementor-top-section elementor-element elementor-element-7242024 elementor-section-boxed elementor-section-height-default elementor-section-height-default" data-id="7242024" data-element_type="section">
						<div class="elementor-container elementor-column-gap-default">
					<div class="elementor-column elementor-col-100 elementor-top-column elementor-element elementor-element-2a0c5d5" data-id="2a0c5d5" data-element_type="column">
			<div class="elementor-widget-wrap elementor-element-populated">
								<div class="elementor-element elementor-element-4132277 elementor-widget elementor-widget-text-editor" data-id="4132277" data-element_type="widget" data-widget_type="text-editor.default">
				<div class="elementor-widget-container">
			<style>/*! elementor - v3.8.1 - 13-11-2022 */
.elementor-widget-text-editor.elementor-drop-cap-view-stacked .elementor-drop-cap{background-color:#818a91;color:#fff}.elementor-widget-text-editor.elementor-drop-cap-view-framed .elementor-drop-cap{color:#818a91;border:3px solid;background-color:transparent}.elementor-widget-text-editor:not(.elementor-drop-cap-view-default) .elementor-drop-cap{margin-top:8px}.elementor-widget-text-editor:not(.elementor-drop-cap-view-default) .elementor-drop-cap-letter{width:1em;height:1em}.elementor-widget-text-editor .elementor-drop-cap{float:left;text-align:center;line-height:1;font-size:50px}.elementor-widget-text-editor .elementor-drop-cap-letter{display:inline-block}</style>				<p>L&#8217;origen de Fundació Itinerarium es troba l&#8217;any 2007, quan ens reunim un grup de professionals sènior amb una llarga trajectòria en l&#8217;àmbit de la intervenció socioeducativa tant a Espanya com a Amèrica Llatina. El grup estava liderat per Narcís Vives, fundador de la xarxa iEARN-Pangea i director del projecte Atles de la Diversitat, gràcies al qual va ser seleccionat com fellow de l&#8217;organització Ashoka.<br /><br />L&#8217;any 2010 decidim constituir-nos en fundació amb la missió de…</p>						</div>
				</div>
					</div>
		</div>
							</div>
		</section>
				<section class="elementor-section elementor-top-section elementor-element elementor-element-e04a225 elementor-section-boxed elementor-section-height-default elementor-section-height-default" data-id="e04a225" data-element_type="section">
						<div class="elementor-container elementor-column-gap-default">
					<div class="elementor-column elementor-col-100 elementor-top-column elementor-element elementor-element-711f02b" data-id="711f02b" data-element_type="column">
			<div class="elementor-widget-wrap elementor-element-populated">
								<div class="elementor-element elementor-element-e802ec8 elementor-widget elementor-widget-text-editor" data-id="e802ec8" data-element_type="widget" data-widget_type="text-editor.default">
				<div class="elementor-widget-container">
							<h5>Desenvolupar <a href="https://www.fundacioitinerarium.org/ca/que-fem/">projectes</a> que millorin els processos educatius i socials.</h5>						</div>
				</div>
					</div>
		</div>
							</div>
		</section>
				<section class="elementor-section elementor-top-section elementor-element elementor-element-26199b86 elementor-section-boxed elementor-section-height-default elementor-section-height-default" data-id="26199b86" data-element_type="section">
						<div class="elementor-container elementor-column-gap-default">
					<div class="elementor-column elementor-col-50 elementor-top-column elementor-element elementor-element-743668e6" data-id="743668e6" data-element_type="column">
			<div class="elementor-widget-wrap">
									</div>
		</div>
				<div class="elementor-column elementor-col-50 elementor-top-column elementor-element elementor-element-19b4fe4" data-id="19b4fe4" data-element_type="column">
			<div class="elementor-widget-wrap elementor-element-populated">
								<div class="elementor-element elementor-element-52e76fe5 elementor-align-right elementor-mobile-align-center elementor-widget elementor-widget-button" data-id="52e76fe5" data-element_type="widget" data-widget_type="button.default">
				<div class="elementor-widget-container">
					<div class="elementor-button-wrapper">
			<a href="https://dev.fundacioitinerarium.org/ca/patronat/" target="_blank" class="elementor-button-link elementor-button elementor-size-lg" role="button">
						<span class="elementor-button-content-wrapper">
						<span class="elementor-button-text">Patronat</span>
		</span>
					</a>
		</div>
				</div>
				</div>
				<div class="elementor-element elementor-element-4d9c96d1 elementor-align-left elementor-mobile-align-center elementor-widget elementor-widget-button" data-id="4d9c96d1" data-element_type="widget" data-widget_type="button.default">
				<div class="elementor-widget-container">
					<div class="elementor-button-wrapper">
			<a href="https://dev.fundacioitinerarium.org/ca/historia/" target="_blank" class="elementor-button-link elementor-button elementor-size-lg" role="button">
						<span class="elementor-button-content-wrapper">
						<span class="elementor-button-text">Història               </span>
		</span>
					</a>
		</div>
				</div>
				</div>
					</div>
		</div>
							</div>
		</section>
							</div>

<p>Nosaltres L&#8217;origen de Fundació Itinerarium es troba l&#8217;any 2007, quan ens reunim un grup de professionals sènior amb una llarga trajectòria en l&#8217;àmbit de la intervenció socioeducativa tant a Espanya com a Amèrica Llatina. El grup estava liderat per Narcís Vives, fundador de la xarxa iEARN-Pangea i director del projecte Atles de la Diversitat, gràcies &hellip;</p>
<p class="read-more"> <a class="" href="https://www.fundacioitinerarium.org/ca/qui-som/"> <span class="screen-reader-text">Nosaltres</span> Read More »</a></p>
